{"id":13119,"date":"2022-05-16T09:49:29","date_gmt":"2022-05-16T12:49:29","guid":{"rendered":"http:\/\/localhost\/6f558b53f0ed98ba13434d13d6837856\/?page_id=13119"},"modified":"2022-05-30T08:25:11","modified_gmt":"2022-05-30T11:25:11","slug":"especialidades","status":"publish","type":"page","link":"https:\/\/hospitalvazmonteiro.com.br\/site\/especialidades\/","title":{"rendered":"Especialidades"},"content":{"rendered":"\n<p>Atualmente, o Hospital Vaz Monteiro tem as seguintes especialidades:<\/p>\n\n\n\n<ul class=\"myList\"><li>Anestesiologia<\/li><li>Cardiologia<\/li><li>Cirurgia Bucomaxilo<\/li><li>Cirurgia Cabe\u00e7a e Pesco\u00e7o<\/li><li>Cirurgia cardiovascular<\/li><li>Cirurgia Geral<\/li><li>Cirurgia Ginecol\u00f3gica<\/li><li>Cirurgia Pl\u00e1stica<\/li><li>Cl\u00ednica M\u00e9dica<\/li><li>Coloproctologia<\/li><li>Gastroenterologia<\/li><li>Geriatria<\/li><li>Ginecologia e Obstetr\u00edcia<\/li><li>Hematologia<\/li><li>Hemodin\u00e2mica e Cirurgia Intervencionista<\/li><li>Mastologia<\/li><li>Medicina Intensivista<\/li><li>Neonatologia<\/li><li>Neurocirurgia<\/li><li>Neurologia<\/li><li>Oftalmologia<\/li><li>Oncologia<\/li><li>Ortopedia e Traumatologia<\/li><li>Otorrinolaringologia<\/li><li>Pediatria<\/li><li>Pneumologia<\/li><li>Radiologia<\/li><li>Reumatologia<\/li><li>Urologia<\/li><\/ul>\n","protected":false},"excerpt":{"rendered":"<p>Atualmente, o Hospital Vaz Monteiro tem as seguintes especialidades: Anestesiologia Cardiologia Cirurgia Bucomaxilo Cirurgia Cabe\u00e7a e Pesco\u00e7o Cirurgia cardiovascular Cirurgia Geral Cirurgia Ginecol\u00f3gica Cirurgia Pl\u00e1stica Cl\u00ednica M\u00e9dica Coloproctologia Gastroenterologia Geriatria Ginecologia e Obstetr\u00edcia Hematologia Hemodin\u00e2mica e Cirurgia Intervencionista Mastologia Medicina Intensivista Neonatologia Neurocirurgia Neurologia Oftalmologia Oncologia Ortopedia e Traumatologia Otorrinolaringologia Pediatria Pneumologia Radiologia Reumatologia Urologia<\/p>\n","protected":false},"author":1,"featured_media":12997,"parent":0,"menu_order":0,"comment_status":"closed","ping_status":"closed","template":"template-simple-page.php","meta":{"ngg_post_thumbnail":0},"acf":[],"_links":{"self":[{"href":"https:\/\/hospitalvazmonteiro.com.br\/site\/wp-json\/wp\/v2\/pages\/13119"}],"collection":[{"href":"https:\/\/hospitalvazmonteiro.com.br\/site\/wp-json\/wp\/v2\/pages"}],"about":[{"href":"https:\/\/hospitalvazmonteiro.com.br\/site\/wp-json\/wp\/v2\/types\/page"}],"author":[{"embeddable":true,"href":"https:\/\/hospitalvazmonteiro.com.br\/site\/wp-json\/wp\/v2\/users\/1"}],"replies":[{"embeddable":true,"href":"https:\/\/hospitalvazmonteiro.com.br\/site\/wp-json\/wp\/v2\/comments?post=13119"}],"version-history":[{"count":1,"href":"https:\/\/hospitalvazmonteiro.com.br\/site\/wp-json\/wp\/v2\/pages\/13119\/revisions"}],"predecessor-version":[{"id":13377,"href":"https:\/\/hospitalvazmonteiro.com.br\/site\/wp-json\/wp\/v2\/pages\/13119\/revisions\/13377"}],"wp:featuredmedia":[{"embeddable":true,"href":"https:\/\/hospitalvazmonteiro.com.br\/site\/wp-json\/wp\/v2\/media\/12997"}],"wp:attachment":[{"href":"https:\/\/hospitalvazmonteiro.com.br\/site\/wp-json\/wp\/v2\/media?parent=13119"}],"curies":[{"name":"wp","href":"https:\/\/api.w.org\/{rel}","templated":true}]}}