{"id":13125,"date":"2022-05-16T10:04:53","date_gmt":"2022-05-16T13:04:53","guid":{"rendered":"http:\/\/localhost\/6f558b53f0ed98ba13434d13d6837856\/?page_id=13125"},"modified":"2022-05-27T16:48:47","modified_gmt":"2022-05-27T19:48:47","slug":"estrutura","status":"publish","type":"page","link":"https:\/\/hospitalvazmonteiro.com.br\/site\/estrutura\/","title":{"rendered":"Estrutura"},"content":{"rendered":"\n<div class=\"wp-block-media-text alignwide is-stacked-on-mobile is-image-fill\"><figure class=\"wp-block-media-text__media\" style=\"background-image:url(https:\/\/hospitalvazmonteiro.com.br\/site\/wp-content\/uploads\/2022\/04\/0f5460_4fcc408d34484ce6acb60684ba596d58_mv2-1024x634.webp);background-position:50% 50%\"><img loading=\"lazy\" width=\"1024\" height=\"634\" src=\"https:\/\/hospitalvazmonteiro.com.br\/site\/wp-content\/uploads\/2022\/04\/0f5460_4fcc408d34484ce6acb60684ba596d58_mv2-1024x634.webp\" alt=\"\" class=\"wp-image-13002 size-full\" srcset=\"https:\/\/hospitalvazmonteiro.com.br\/site\/wp-content\/uploads\/2022\/04\/0f5460_4fcc408d34484ce6acb60684ba596d58_mv2-1024x634.webp 1024w, https:\/\/hospitalvazmonteiro.com.br\/site\/wp-content\/uploads\/2022\/04\/0f5460_4fcc408d34484ce6acb60684ba596d58_mv2-300x186.webp 300w, https:\/\/hospitalvazmonteiro.com.br\/site\/wp-content\/uploads\/2022\/04\/0f5460_4fcc408d34484ce6acb60684ba596d58_mv2-768x475.webp 768w, https:\/\/hospitalvazmonteiro.com.br\/site\/wp-content\/uploads\/2022\/04\/0f5460_4fcc408d34484ce6acb60684ba596d58_mv2-1536x951.webp 1536w, https:\/\/hospitalvazmonteiro.com.br\/site\/wp-content\/uploads\/2022\/04\/0f5460_4fcc408d34484ce6acb60684ba596d58_mv2.webp 1583w\" sizes=\"(max-width: 1024px) 100vw, 1024px\" \/><\/figure><div class=\"wp-block-media-text__content\">\n<p>O Hospital Vaz Monteiro est\u00e1 estruturado da seguinte forma:<\/p>\n\n\n\n<ul><li>CTI ADULTO<\/li><li>CTI NEONATAL<\/li><li>CTI PEDI\u00c1TRICO<\/li><li>PRONTO SOCORRO ADULTO<\/li><li>AMBULAT\u00d3RIO PEDI\u00c1TRICO<\/li><li>MATERNIDADE<\/li><li>BLOCO CIR\u00daRGICO<\/li><li>APARTAMENTOS<\/li><li>ENFERMARIAS<\/li><li>CENTRAL DE MATERIAIS E ESTERILIZA\u00c7\u00c3O<\/li><li>UNIDADE DE ALIMENTA\u00c7\u00c3O E NUTRI\u00c7\u00c3O<\/li><li>LAVANDERIA<\/li><\/ul>\n<\/div><\/div>\n","protected":false},"excerpt":{"rendered":"<p>O Hospital Vaz Monteiro est\u00e1 estruturado da seguinte forma: CTI ADULTO CTI NEONATAL CTI PEDI\u00c1TRICO PRONTO SOCORRO ADULTO AMBULAT\u00d3RIO PEDI\u00c1TRICO MATERNIDADE BLOCO CIR\u00daRGICO APARTAMENTOS ENFERMARIAS CENTRAL DE MATERIAIS E ESTERILIZA\u00c7\u00c3O UNIDADE DE ALIMENTA\u00c7\u00c3O E NUTRI\u00c7\u00c3O LAVANDERIA<\/p>\n","protected":false},"author":1,"featured_media":12997,"parent":0,"menu_order":0,"comment_status":"closed","ping_status":"closed","template":"template-simple-page.php","meta":{"ngg_post_thumbnail":0},"acf":[],"_links":{"self":[{"href":"https:\/\/hospitalvazmonteiro.com.br\/site\/wp-json\/wp\/v2\/pages\/13125"}],"collection":[{"href":"https:\/\/hospitalvazmonteiro.com.br\/site\/wp-json\/wp\/v2\/pages"}],"about":[{"href":"https:\/\/hospitalvazmonteiro.com.br\/site\/wp-json\/wp\/v2\/types\/page"}],"author":[{"embeddable":true,"href":"https:\/\/hospitalvazmonteiro.com.br\/site\/wp-json\/wp\/v2\/users\/1"}],"replies":[{"embeddable":true,"href":"https:\/\/hospitalvazmonteiro.com.br\/site\/wp-json\/wp\/v2\/comments?post=13125"}],"version-history":[{"count":1,"href":"https:\/\/hospitalvazmonteiro.com.br\/site\/wp-json\/wp\/v2\/pages\/13125\/revisions"}],"predecessor-version":[{"id":13372,"href":"https:\/\/hospitalvazmonteiro.com.br\/site\/wp-json\/wp\/v2\/pages\/13125\/revisions\/13372"}],"wp:featuredmedia":[{"embeddable":true,"href":"https:\/\/hospitalvazmonteiro.com.br\/site\/wp-json\/wp\/v2\/media\/12997"}],"wp:attachment":[{"href":"https:\/\/hospitalvazmonteiro.com.br\/site\/wp-json\/wp\/v2\/media?parent=13125"}],"curies":[{"name":"wp","href":"https:\/\/api.w.org\/{rel}","templated":true}]}}